thousands digit of 334369?
3
What is the hundred thousands digit of 112566?
1
What is the ten thousands digit of 158584?
5
What is the hundred thousands digit of 3941834?
9
What is the millions digit of 17332170?
7
What is the units digit of 64490?
0
What is the hundreds digit of 97476?
4
What is the millions digit of 8556307?
8
What is the hundred thousands digit of 621272?
6
What is the units digit of 391027?
7
What is the tens digit of 17455099?
9
What is the ten thousands digit of 131420?
3
What is the tens digit of 929970?
7
What is the tens digit of 4149076?
7
What is the tens digit of 928091?
9
What is the hundred thousands digit of 3277806?
2
What is the tens digit of 310854?
5
What is the hundred thousands digit of 1493548?
4
What is the units digit of 803?
3
What is the units digit of 1111417?
7
What is the ten thousands digit of 7363073?
6
What is the hundred thousands digit of 10797362?
7
What is the ten thousands digit of 79021?
7
What is the hundreds digit of 38078?
0
What is the ten thousands digit of 5299344?
9
What is the millions digit of 13694086?
3
What is the tens digit of 7449608?
0
What is the units digit of 153111?
1
What is the hundred thousands digit of 1370452?
3
What is the units digit of 1273399?
9
What is the ten thousands digit of 123431?
2
What is the ten thousands digit of 1380576?
8
What is the hundred thousands digit of 17423451?
4
What is the thousands digit of 3631526?
1
What is the ten thousands digit of 36854?
3
What is the hundred thousands digit of 2314557?
3
What is the thousands digit of 6348378?
8
What is the hundred thousands digit of 189974?
1
What is the ten thousands digit of 207117?
0
What is the tens digit of 2233384?
8
What is the ten thousands digit of 139260?
3
What is the ten thousands digit of 433424?
3
What is the hundred thousands digit of 381632?
3
What is the ten thousands digit of 106090?
0
What is the tens digit of 54829?
2
What is the ten thousands digit of 524823?
2
What is the units digit of 2184462?
2
What is the units digit of 1168793?
3
What is the thousands digit of 7574269?
4
What is the tens digit of 348080?
8
What is the thousands digit of 3283189?
3
What is the millions digit of 1445297?
1
What is the units digit of 963134?
4
What is the hundred thousands digit of 18403651?
4
What is the hundreds digit of 852502?
5
What is the hundreds digit of 3307317?
3
What is the hundreds digit of 993758?
7
What is the units digit of 7882?
2
What is the hundred thousands digit of 954930?
9
What is the ten thousands digit of 642511?
4
What is the thousands digit of 539401?
9
What is the units digit of 778?
8
What is the millions digit of 3662335?
3
What is the hundred thousands digit of 721085?
7
What is the thousands digit of 1539481?
9
What is the units digit of 2133845?
5
What is the tens digit of 278757?
5
What is the hundred thousands digit of 18916837?
9
What is the millions digit of 2694703?
2
What is the hundred thousands digit of 1741821?
7
What is the hundred thousands digit of 4838575?
8
What is the ten millions digit of 22694584?
2
What is the tens digit of 752433?
3
What is the hundreds digit of 9277?
2
What is the thousands digit of 2992134?
2
What is the hundred thousands digit of 183093?
1
What is the tens digit of 137638?
3
What is the hundreds digit of 985707?
7
What is the units digit of 4734965?
5
What is the units digit of 7093731?
1
What is the hundred thousands digit of 17347758?
3
What is the ten thousands digit of 112584?
1
What is the tens digit of 7592892?
9
What is the millions digit of 2810952?
2
What is the ten thousands digit of 1077962?
7
What is the tens digit of 397044?
4
What is the tens digit of 208708?
0
What is the thousands digit of 7721275?
1
What is the units digit of 1265750?
0
What is the millions digit of 9621270?
9
What is the hundred thousands digit of 1006615?
0
What is the ten thousands digit of 33228541?
2
What is the hundreds digit of 88958?
9
What is the thousands digit of 6779977?
9
What is the hundreds digit of 1155482?
4
What is the units digit of 269390?
0
What is the hundreds digit of 2057886?
8
What is the hundreds digit of 327653?
6
What is the units digit of 354240?
0
What is the ten thousands digit of 1202858?
0
What is the hundreds digit of 452776?
7
What is the millions digit of 1461049?
1
What is the thousands digit of 4212078?
2
What is the tens digit of 5845709?
0
What is the tens digit of 2148899?
9
What is the units digit of 345197?
7
What is the tens digit of 4565073?
7
What is the ten millions digit of 12738084?
1
What is the thousands digit of 77659?
7
What is the ten thousands digit of 65099?
6
What is the thousands digit of 680514?
0
What is the hundreds digit of 2621225?
2
What is the ten thousands digit of 837010?
3
What is the tens digit of 61022?
2
What is the millions digit of 7055987?
7
What is the hundreds digit of 883218?
2
What is the units digit of 3409548?
8
What is the millions digit of 17853626?
7
What is the tens digit of 3967?
6
What is the units digit of 646541?
1
What is the units digit of 355038?
8
What is the thousands digit of 585018?
5
What is the thousands digit of 19062919?
2
What is the tens digit of 2658197?
9
What is the thousands digit of 1003904?
3
What is the hundred thousands digit of 12958507?
9
What is the thousands digit of 18463030?
3
What is the thousands digit of 298920?
8
What is the ten thousands digit of 97483?
9
What is the tens digit of 10179116?
1
What is the hundred thousands digit of 249756?
2
What is the units digit of 12925178?
8
What is the millions digit of 11315645?
1
What is the millions digit of 2692168?
2
What is the units digit of 84826?
6
What is the tens digit of 537827?
2
What is the tens digit of 357885?
8
What is the ten thousands digit of 171202?
7
What is the hundred thousands digit of 133157?
1
What is the hundreds digit of 16531?
5
What is the units digit of 64980?
0
What is the thousands digit of 2480135?
0
What is the tens digit of 247343?
4
What is the units digit of 25300923?
3
What is the millions digit of 5816111?
5
What is the units digit of 2290547?
7
What is the tens digit of 2149912?
1
What is the units digit of 647115?
5
What is the tens digit of 546919?
1
What is the ten thousands digit of 99675?
9
What is the ten millions digit of 28101196?
2
What is the tens digit of 30351897?
9
What is the tens digit of 52856?
5
What is the units digit of 1374578?
8
What is the hundred thousands digit of 823392?
8
What is the units digit of 2078132?
2
What is the tens digit of 625570?
7
What is the tens digit of 80676?
7
What is the units digit of 312564?
4
What is the thousands digit of 2407771?
7
What is the units digit of 5294312?
2
What is the ten thousands digit of 34011?
3
What is the hundred thousands digit of 167658?
1
What is the units digit of 1621289?
9
What is the hundreds digit of 181718?
7
What is the tens digit of 1164966?
6
What is the hundreds digit of 4442455?
4
What is the ten millions digit of 15688083?
1
What is the ten thousands digit of 707893?
0
What is the tens digit of 6492691?
9
What is the thousands digit of 115796?
5
What is the ten thousands digit of 1535224?
3
What is the hundreds digit of 11059417?
4
What is the hundred thousands digit of 10162174?
1
What is the hundreds digit of 249607?
6
What is the ten thousands digit of 702715?
0
What is the ten thousands digit of 378240?
7
What is the tens digit of 175961?
6
What is the tens digit of 247199?
9
What is the tens digit of 79280?
8
What is the ten thousands digit of 486973?
8
What is the ten thousands digit of 2639137?
3
What is the thousands digit of 203664?
3
What is the units digit of 345446?
6
What is the hundreds digit of 209779?
7
What is the thousands digit of 32825444?
5
What is the tens digit of 10119619?
1
What is the hundred thousands digit of 2220729?
2
What is the millions digit of 3037285?
3
What is the thousands digit of 53830?
3
What is the hundreds digit of 5923011?
0
What is the ten thousands digit of 23338325?
3
What is the hundred thousands digit of 1868584?
8
What is the ten thousands digit of 2467615?
6
What is the thousands digit of 33459?
3
What is the millions digit of 23681216?
3
What is the hundred thousands digit of 5521220?
5
What is the uni